{"id":49,"date":"2023-06-12T21:47:53","date_gmt":"2023-06-12T19:47:53","guid":{"rendered":"http:\/\/laetitia-chasse-pnl-hypnose.fr\/?page_id=49"},"modified":"2024-02-17T14:25:08","modified_gmt":"2024-02-17T13:25:08","slug":"seances","status":"publish","type":"page","link":"https:\/\/laetitia-chasse-pnl-hypnose.fr\/index.php\/seances\/","title":{"rendered":"ACCOMPAGNEMENT\/S\u00c9ANCES"},"content":{"rendered":"\t\t<div data-elementor-type=\"wp-page\" data-elementor-id=\"49\" class=\"elementor elementor-49\">\n\t\t\t\t\t\t\t\t\t<section class=\"elementor-section elementor-top-section elementor-element elementor-element-198365c elementor-section-boxed elementor-section-height-default elementor-section-height-default\" data-id=\"198365c\" data-element_type=\"section\">\n\t\t\t\t\t\t<div class=\"elementor-container elementor-column-gap-default\">\n\t\t\t\t\t<div class=\"elementor-column elementor-col-100 elementor-top-column elementor-element elementor-element-7ff23fa\" data-id=\"7ff23fa\" data-element_type=\"column\">\n\t\t\t<div class=\"elementor-widget-wrap elementor-element-populated\">\n\t\t\t\t\t\t\t\t<div class=\"elementor-element elementor-element-2e9d670 elementor-widget elementor-widget-image\" data-id=\"2e9d670\" data-element_type=\"widget\" data-widget_type=\"image.default\">\n\t\t\t\t<div class=\"elementor-widget-container\">\n\t\t\t<style>\/*! elementor - v3.16.0 - 09-10-2023 *\/\n.elementor-widget-image{text-align:center}.elementor-widget-image a{display:inline-block}.elementor-widget-image a img[src$=\".svg\"]{width:48px}.elementor-widget-image img{vertical-align:middle;display:inline-block}<\/style>\t\t\t\t\t\t\t\t\t\t\t\t<img loading=\"lazy\" decoding=\"async\" width=\"980\" height=\"654\" src=\"https:\/\/laetitia-chasse-pnl-hypnose.fr\/wp-content\/uploads\/2023\/06\/IMG_3994-1-1024x683.jpg\" class=\"attachment-large size-large wp-image-40\" alt=\"\" srcset=\"https:\/\/laetitia-chasse-pnl-hypnose.fr\/wp-content\/uploads\/2023\/06\/IMG_3994-1-1024x683.jpg 1024w, https:\/\/laetitia-chasse-pnl-hypnose.fr\/wp-content\/uploads\/2023\/06\/IMG_3994-1-300x200.jpg 300w, https:\/\/laetitia-chasse-pnl-hypnose.fr\/wp-content\/uploads\/2023\/06\/IMG_3994-1-768x512.jpg 768w, https:\/\/laetitia-chasse-pnl-hypnose.fr\/wp-content\/uploads\/2023\/06\/IMG_3994-1-1536x1024.jpg 1536w, https:\/\/laetitia-chasse-pnl-hypnose.fr\/wp-content\/uploads\/2023\/06\/IMG_3994-1-2048x1365.jpg 2048w\" sizes=\"auto, (max-width: 980px) 100vw, 980px\" \/>\t\t\t\t\t\t\t\t\t\t\t\t\t\t\t<\/div>\n\t\t\t\t<\/div>\n\t\t\t\t\t<\/div>\n\t\t<\/div>\n\t\t\t\t\t\t\t<\/div>\n\t\t<\/section>\n\t\t\t\t<section class=\"elementor-section elementor-top-section elementor-element elementor-element-0214c5b elementor-section-boxed elementor-section-height-default elementor-section-height-default\" data-id=\"0214c5b\" data-element_type=\"section\">\n\t\t\t\t\t\t<div class=\"elementor-container elementor-column-gap-default\">\n\t\t\t\t\t<div class=\"elementor-column elementor-col-100 elementor-top-column elementor-element elementor-element-b0a5f33\" data-id=\"b0a5f33\" data-element_type=\"column\">\n\t\t\t<div class=\"elementor-widget-wrap elementor-element-populated\">\n\t\t\t\t\t\t\t\t<div class=\"elementor-element elementor-element-bbabdce elementor-widget elementor-widget-text-editor\" data-id=\"bbabdce\" data-element_type=\"widget\" data-widget_type=\"text-editor.default\">\n\t\t\t\t<div class=\"elementor-widget-container\">\n\t\t\t<style>\/*! elementor - v3.16.0 - 09-10-2023 *\/\n.elementor-widget-text-editor.elementor-drop-cap-view-stacked .elementor-drop-cap{background-color:#69727d;color:#fff}.elementor-widget-text-editor.elementor-drop-cap-view-framed .elementor-drop-cap{color:#69727d;border:3px solid;background-color:transparent}.elementor-widget-text-editor:not(.elementor-drop-cap-view-default) .elementor-drop-cap{margin-top:8px}.elementor-widget-text-editor:not(.elementor-drop-cap-view-default) .elementor-drop-cap-letter{width:1em;height:1em}.elementor-widget-text-editor .elementor-drop-cap{float:left;text-align:center;line-height:1;font-size:50px}.elementor-widget-text-editor .elementor-drop-cap-letter{display:inline-block}<\/style>\t\t\t\t<p><b>Votre engagement est primordial<\/b>, votre motivation<br \/>ainsi que votre implication pendant et entre les s\u00e9ances sont indispensables pour atteindre votre objectif.<b><\/b><\/p><p class=\"MsoNormal\">Je vous accompagne mais vous avez LA SOLUTION. J\u2019aurai sinc\u00e8rement plaisir \u00e0 vous \u00e9couter de vive voix\u2026<\/p><p class=\"MsoNormal\">Mon cabinet est une safe place ou vous pouvez vous sentir en s\u00e9curit\u00e9.<\/p><ul><li>Un endroit confidentiel, <b>\u00e9coute<\/b>,\u00a0<b>discussion<\/b>\u00a0et\u00a0<b>bienveillance<\/b>\u00a0sont<\/li><li>de mise.<\/li><li>Un endroit o\u00f9 vous pouvez exprimer vos \u00e9motions,<\/li><li>sentiments, vos exp\u00e9riences sans jugement<\/li><li>Chaque personne est unique donc chaque accompagnement est<\/li><li>r\u00e9alis\u00e9 sur mesure<\/li><\/ul><p class=\"MsoNormal\">\u00a0<\/p><p class=\"MsoNormal\">\u00a0<\/p>\t\t\t\t\t\t<\/div>\n\t\t\t\t<\/div>\n\t\t\t\t\t<\/div>\n\t\t<\/div>\n\t\t\t\t\t\t\t<\/div>\n\t\t<\/section>\n\t\t\t\t<section class=\"elementor-section elementor-top-section elementor-element elementor-element-5b0eff3 elementor-section-boxed elementor-section-height-default elementor-section-height-default\" data-id=\"5b0eff3\" data-element_type=\"section\">\n\t\t\t\t\t\t<div class=\"elementor-container elementor-column-gap-default\">\n\t\t\t\t\t<div class=\"elementor-column elementor-col-100 elementor-top-column elementor-element elementor-element-6324210\" data-id=\"6324210\" data-element_type=\"column\">\n\t\t\t<div class=\"elementor-widget-wrap elementor-element-populated\">\n\t\t\t\t\t\t\t\t<div class=\"elementor-element elementor-element-411b3bc elementor-widget elementor-widget-heading\" data-id=\"411b3bc\" data-element_type=\"widget\" data-widget_type=\"heading.default\">\n\t\t\t\t<div class=\"elementor-widget-container\">\n\t\t\t<style>\/*! elementor - v3.16.0 - 09-10-2023 *\/\n.elementor-heading-title{padding:0;margin:0;line-height:1}.elementor-widget-heading .elementor-heading-title[class*=elementor-size-]>a{color:inherit;font-size:inherit;line-height:inherit}.elementor-widget-heading .elementor-heading-title.elementor-size-small{font-size:15px}.elementor-widget-heading .elementor-heading-title.elementor-size-medium{font-size:19px}.elementor-widget-heading .elementor-heading-title.elementor-size-large{font-size:29px}.elementor-widget-heading .elementor-heading-title.elementor-size-xl{font-size:39px}.elementor-widget-heading .elementor-heading-title.elementor-size-xxl{font-size:59px}<\/style><h2 class=\"elementor-heading-title elementor-size-default\"><p align=\"center\" style=\"text-align:center\">Les diff\u00e9rentes\n\u00e9tapes de l\u2019accompagnement au changement<span style=\"color: var( --e-global-color-primary ); font-family: var( --e-global-typography-primary-font-family ), Sans-serif; font-size: 2em; font-weight: var( --e-global-typography-primary-font-weight );\"><\/span><\/p><\/h2>\t\t<\/div>\n\t\t\t\t<\/div>\n\t\t\t\t<div class=\"elementor-element elementor-element-96bc7dc elementor-widget elementor-widget-image\" data-id=\"96bc7dc\" data-element_type=\"widget\" data-widget_type=\"image.default\">\n\t\t\t\t<div class=\"elementor-widget-container\">\n\t\t\t\t\t\t\t\t\t\t\t\t\t\t\t<img loading=\"lazy\" decoding=\"async\" width=\"305\" height=\"182\" src=\"https:\/\/laetitia-chasse-pnl-hypnose.fr\/wp-content\/uploads\/2023\/03\/OIP.jpg\" class=\"attachment-large size-large wp-image-329\" alt=\"\" srcset=\"https:\/\/laetitia-chasse-pnl-hypnose.fr\/wp-content\/uploads\/2023\/03\/OIP.jpg 305w, https:\/\/laetitia-chasse-pnl-hypnose.fr\/wp-content\/uploads\/2023\/03\/OIP-300x179.jpg 300w\" sizes=\"auto, (max-width: 305px) 100vw, 305px\" \/>\t\t\t\t\t\t\t\t\t\t\t\t\t\t\t<\/div>\n\t\t\t\t<\/div>\n\t\t\t\t\t<\/div>\n\t\t<\/div>\n\t\t\t\t\t\t\t<\/div>\n\t\t<\/section>\n\t\t\t\t<section class=\"elementor-section elementor-top-section elementor-element elementor-element-04f1ea0 elementor-section-boxed elementor-section-height-default elementor-section-height-default\" data-id=\"04f1ea0\" data-element_type=\"section\">\n\t\t\t\t\t\t<div class=\"elementor-container elementor-column-gap-default\">\n\t\t\t\t\t<div class=\"elementor-column elementor-col-50 elementor-top-column elementor-element elementor-element-e980d8b\" data-id=\"e980d8b\" data-element_type=\"column\">\n\t\t\t<div class=\"elementor-widget-wrap elementor-element-populated\">\n\t\t\t\t\t\t\t\t<div class=\"elementor-element elementor-element-dcbcabf elementor-widget elementor-widget-text-editor\" data-id=\"dcbcabf\" data-element_type=\"widget\" data-widget_type=\"text-editor.default\">\n\t\t\t\t<div class=\"elementor-widget-container\">\n\t\t\t\t\t\t\t<p class=\"MsoListParagraph\" style=\"font-family: 'Roboto Slab', sans-serif; font-size: 18px; text-indent: -18pt;\"><span style=\"font-weight: bold;\">&nbsp; &nbsp; &nbsp; &nbsp;1)<span style=\"font-variant-numeric: normal; font-variant-east-asian: normal; font-variant-alternates: normal; font-kerning: auto; font-optical-sizing: auto; font-feature-settings: normal; font-variation-settings: normal; font-weight: normal; font-stretch: normal; font-size: 7pt; line-height: normal; font-family: 'Times New Roman';\">&nbsp;&nbsp;&nbsp;&nbsp;&nbsp;<\/span><\/span><span style=\"font-weight: bold;\">Prise de contact&nbsp;t\u00e9l\u00e9phonique<\/span><\/p>\n<p class=\"MsoListParagraph\" style=\"font-family: 'Roboto Slab', sans-serif; font-size: 18px; text-indent: -18pt;\"><span style=\"color: var( --e-global-color-text );\">&nbsp; Nous avons un premier contact t\u00e9l\u00e9phonique ou vous m&rsquo;expliquez bri\u00e8vement la probl\u00e9matique et nous convenons ensemble d\u2019un rendez-vous au cabinet ou \u00e0 votre domicile. Le travail peut alors d\u00e9j\u00e0 commenc\u00e9.<\/span><\/p>\t\t\t\t\t\t<\/div>\n\t\t\t\t<\/div>\n\t\t\t\t\t<\/div>\n\t\t<\/div>\n\t\t\t\t<div class=\"elementor-column elementor-col-50 elementor-top-column elementor-element elementor-element-5f7ce7d\" data-id=\"5f7ce7d\" data-element_type=\"column\">\n\t\t\t<div class=\"elementor-widget-wrap\">\n\t\t\t\t\t\t\t\t\t<\/div>\n\t\t<\/div>\n\t\t\t\t\t\t\t<\/div>\n\t\t<\/section>\n\t\t\t\t<section class=\"elementor-section elementor-top-section elementor-element elementor-element-37894ac elementor-section-boxed elementor-section-height-default elementor-section-height-default\" data-id=\"37894ac\" data-element_type=\"section\">\n\t\t\t\t\t\t<div class=\"elementor-container elementor-column-gap-default\">\n\t\t\t\t\t<div class=\"elementor-column elementor-col-100 elementor-top-column elementor-element elementor-element-d386cd8\" data-id=\"d386cd8\" data-element_type=\"column\">\n\t\t\t<div class=\"elementor-widget-wrap elementor-element-populated\">\n\t\t\t\t\t\t\t\t<div class=\"elementor-element elementor-element-badab82 elementor-widget elementor-widget-text-editor\" data-id=\"badab82\" data-element_type=\"widget\" data-widget_type=\"text-editor.default\">\n\t\t\t\t<div class=\"elementor-widget-container\">\n\t\t\t\t\t\t\t<p class=\"MsoNormal\"><b>D\u00e9roulement d\u2019une s\u00e9ance<\/b>&nbsp;: il y a la s\u00e9ance \u00e0 proprement dite, o\u00f9&nbsp;<b>vous restez<br>\nparfaitement conscient<\/b>&nbsp;de tout ce qui se passe et entendez chacune de mes paroles.<br>On peut parler \u00e0 c\u0153ur ouvert en toute&nbsp;<b>s\u00e9curit\u00e9<\/b>, et en toute&nbsp;<b>confiance<\/b>.<o:p><\/o:p><\/p>\n<p class=\"MsoNormal\">Je m\u2019adresserai \u00e0 votre&nbsp;<b>partie ressource inconsciente<\/b>, avec votre partie consciente. Ces deux parties mettront en place d\u2019une mani\u00e8re compl\u00e8tement b\u00e9n\u00e9fique&nbsp;les&nbsp;<b>changements attendus<\/b>. Une s\u00e9ance dure environ 60 \/90 minutes. <o:p><\/o:p><\/p>\n<p class=\"MsoNormal\">Vous vous posez et d\u00e9posez vos bagages et repartez avec une&nbsp;<b>vraie bouff\u00e9e d\u2019oxyg\u00e8ne.<\/b><o:p><\/o:p><\/p>\n<p class=\"MsoNormal\">Il est possible d\u2019un commun accord, que vous ayez que chose \u00e0 faire chez vous, car cela permet d\u2019ancrer un nouveau comportement qui correspondra \u00e0 la&nbsp;<b>nouvelle personne en devenir<\/b>&nbsp;<b style=\"color: var( --e-global-color-text );\">la\/les s\u00e9ance(s) suivante(s) : vous activez les leviers de changement<\/b><\/p>\n<p class=\"MsoNormal\">C\u2019est en fonction de vos retours que s\u2019adapte la suite des s\u00e9ances.<o:p><\/o:p><\/p>\n<p><\/p>\n<p class=\"MsoNormal\">Vous \u00eates au c\u0153ur du processus de changement.<o:p><\/o:p><\/p>\t\t\t\t\t\t<\/div>\n\t\t\t\t<\/div>\n\t\t\t\t\t<\/div>\n\t\t<\/div>\n\t\t\t\t\t\t\t<\/div>\n\t\t<\/section>\n\t\t\t\t<section class=\"elementor-section elementor-top-section elementor-element elementor-element-412bb97 elementor-section-boxed elementor-section-height-default elementor-section-height-default\" data-id=\"412bb97\" data-element_type=\"section\">\n\t\t\t\t\t\t<div class=\"elementor-container elementor-column-gap-default\">\n\t\t\t\t\t<div class=\"elementor-column elementor-col-100 elementor-top-column elementor-element elementor-element-c1fff48\" data-id=\"c1fff48\" data-element_type=\"column\">\n\t\t\t<div class=\"elementor-widget-wrap elementor-element-populated\">\n\t\t\t\t\t\t\t\t<div class=\"elementor-element elementor-element-3202fd9 elementor-widget elementor-widget-text-editor\" data-id=\"3202fd9\" data-element_type=\"widget\" data-widget_type=\"text-editor.default\">\n\t\t\t\t<div class=\"elementor-widget-container\">\n\t\t\t\t\t\t\t<p><b style=\"color: var( --e-global-color-text ); font-family: var( --e-global-typography-text-font-family ), Sans-serif;\">Entre les s\u00e9ances<\/b><\/p>\n<p class=\"MsoNormal\">Je vous demande toujours \u00e0 chaque fin de s\u00e9ance de&nbsp;<b>l\u00e2cher prise<\/b>, de laisser faire le travail effectu\u00e9 en s\u00e9ance, sans chercher \u00e0 \u00ab&nbsp;d\u00e9tricoter&nbsp;\u00bb ou \u00e0 comprendre \u00e0 100% ce qui s\u2019est pass\u00e9 exactement. Cependant, je vous invite \u00e9galement \u00e0 prendre&nbsp;<b>consciemment soin de vous<\/b>, \u00e0 votre mani\u00e8re. Car la base de ma th\u00e9rapie repose sur&nbsp;<b>l\u2019\u00e9coute envers \u00ab&nbsp;soi m\u2019aime&nbsp;<\/b>\u00bb, approche comprenant l\u2019\u00e9quilibre entre le corps, le c\u0153ur et le mental.<\/p>\n<p class=\"MsoNormal\">Car l\u2019hypnose pour qu\u2019elle r\u00e9ussisse demande aussi une implication consciente de votre part&nbsp;: une&nbsp;<b>observation investie<\/b>, une&nbsp;<b>pr\u00e9sence \u00e0 soi<\/b>,&nbsp;<b>une \u00e9coute<\/b>&nbsp;<b>\u00e9motionnelle<\/b>&nbsp;dans votre quotidien.<\/p>\n<p class=\"MsoNormal\">Je reste joignable entre 2 s\u00e9ances par sms ou t\u00e9l\u00e9phone.<\/p>\t\t\t\t\t\t<\/div>\n\t\t\t\t<\/div>\n\t\t\t\t\t<\/div>\n\t\t<\/div>\n\t\t\t\t\t\t\t<\/div>\n\t\t<\/section>\n\t\t\t\t<section class=\"elementor-section elementor-top-section elementor-element elementor-element-c08c7d4 elementor-section-boxed elementor-section-height-default elementor-section-height-default\" data-id=\"c08c7d4\" data-element_type=\"section\">\n\t\t\t\t\t\t<div class=\"elementor-container elementor-column-gap-default\">\n\t\t\t\t\t<div class=\"elementor-column elementor-col-33 elementor-top-column elementor-element elementor-element-7ea56f4\" data-id=\"7ea56f4\" data-element_type=\"column\">\n\t\t\t<div class=\"elementor-widget-wrap elementor-element-populated\">\n\t\t\t\t\t\t\t\t\t<\/div>\n\t\t<\/div>\n\t\t\t\t<div class=\"elementor-column elementor-col-66 elementor-top-column elementor-element elementor-element-f988c7a\" data-id=\"f988c7a\" data-element_type=\"column\">\n\t\t\t<div class=\"elementor-widget-wrap elementor-element-populated\">\n\t\t\t\t\t\t\t\t<div class=\"elementor-element elementor-element-fdc9e59 elementor-widget elementor-widget-text-editor\" data-id=\"fdc9e59\" data-element_type=\"widget\" data-widget_type=\"text-editor.default\">\n\t\t\t\t<div class=\"elementor-widget-container\">\n\t\t\t\t\t\t\t<p class=\"MsoNormal\"><b>La s\u00e9ance de conclusion<o:p><\/o:p><\/b><\/p><p class=\"MsoNormal\">A un moment donn\u00e9 de votre accompagnement, vous sentirez que\nvous n\u2019avez plus besoin de moi.&nbsp;<b>Et c\u2019est une merveilleuse nouvelle&nbsp;!<o:p><\/o:p><\/b><\/p><p class=\"MsoNormal\">Il est important de savoir que l\u2019hypnose est une th\u00e9rapie\nbr\u00e8ve mais pas instantan\u00e9e. Plusieurs s\u00e9ances sont n\u00e9cessaires. En moyenne, 3 \u00e0\n4 s\u00e9ances, cela d\u00e9pendra de vos besoins.<o:p><\/o:p><\/p><p>\n\n\n\n\n\n<\/p><p class=\"MsoNormal\">Et comme disait Milton Erickson, psychiatre et psychologue\nqui a jou\u00e9 un r\u00f4le primordial dans le renouvellement de l\u2019hypnose :<br>\n<b>\u00ab&nbsp;Faites confiance, \u00e0 votre inconscient, c\u2019est un immense magasin de\nsolution&nbsp;\u00bb<o:p><\/o:p><\/b><\/p>\t\t\t\t\t\t<\/div>\n\t\t\t\t<\/div>\n\t\t\t\t\t<\/div>\n\t\t<\/div>\n\t\t\t\t\t\t\t<\/div>\n\t\t<\/section>\n\t\t\t\t\t\t\t<\/div>\n\t\t","protected":false},"excerpt":{"rendered":"<p>Votre engagement est primordial, votre motivationainsi que votre implication pendant et entre les s\u00e9ances sont indispensables pour atteindre votre objectif. Je vous accompagne mais vous avez LA SOLUTION. J\u2019aurai sinc\u00e8rement plaisir \u00e0 vous \u00e9couter de vive voix\u2026 Mon cabinet est une safe place ou vous pouvez vous sentir en s\u00e9curit\u00e9. Un endroit confidentiel, \u00e9coute,\u00a0discussion\u00a0et\u00a0bienveillance\u00a0sont de [&hellip;]<\/p>\n","protected":false},"author":1,"featured_media":0,"parent":0,"menu_order":5,"comment_status":"closed","ping_status":"closed","template":"","meta":{"footnotes":""},"class_list":["post-49","page","type-page","status-publish","hentry"],"_links":{"self":[{"href":"https:\/\/laetitia-chasse-pnl-hypnose.fr\/index.php\/wp-json\/wp\/v2\/pages\/49","targetHints":{"allow":["GET"]}}],"collection":[{"href":"https:\/\/laetitia-chasse-pnl-hypnose.fr\/index.php\/wp-json\/wp\/v2\/pages"}],"about":[{"href":"https:\/\/laetitia-chasse-pnl-hypnose.fr\/index.php\/wp-json\/wp\/v2\/types\/page"}],"author":[{"embeddable":true,"href":"https:\/\/laetitia-chasse-pnl-hypnose.fr\/index.php\/wp-json\/wp\/v2\/users\/1"}],"replies":[{"embeddable":true,"href":"https:\/\/laetitia-chasse-pnl-hypnose.fr\/index.php\/wp-json\/wp\/v2\/comments?post=49"}],"version-history":[{"count":34,"href":"https:\/\/laetitia-chasse-pnl-hypnose.fr\/index.php\/wp-json\/wp\/v2\/pages\/49\/revisions"}],"predecessor-version":[{"id":799,"href":"https:\/\/laetitia-chasse-pnl-hypnose.fr\/index.php\/wp-json\/wp\/v2\/pages\/49\/revisions\/799"}],"wp:attachment":[{"href":"https:\/\/laetitia-chasse-pnl-hypnose.fr\/index.php\/wp-json\/wp\/v2\/media?parent=49"}],"curies":[{"name":"wp","href":"https:\/\/api.w.org\/{rel}","templated":true}]}}